ime factors of 11039?
7, 19, 83
What are the prime factors of 170977?
37, 4621
What are the prime factors of 1416?
2, 3, 59
List the prime factors of 12955.
5, 2591
List the prime factors of 19593.
3, 7, 311
List the prime factors of 22265.
5, 61, 73
What are the prime factors of 43521?
3, 89, 163
What are the prime factors of 4734?
2, 3, 263
List the prime factors of 115664.
2, 7229
List the prime factors of 8704.
2, 17
What are the prime factors of 4073?
4073
List the prime factors of 9324.
2, 3, 7, 37
List the prime factors of 7260.
2, 3, 5, 11
What are the prime factors of 173959?
73, 2383
What are the prime factors of 2200?
2, 5, 11
What are the prime factors of 8952?
2, 3, 373
List the prime factors of 1067.
11, 97
What are the prime factors of 772?
2, 193
What are the prime factors of 159568?
2, 9973
What are the prime factors of 3876?
2, 3, 17, 19
What are the prime factors of 85561?
7, 17, 719
List the prime factors of 2588.
2, 647
List the prime factors of 33917.
13, 2609
List the prime factors of 104772.
2, 3, 8731
List the prime factors of 5830.
2, 5, 11, 53
List the prime factors of 1330.
2, 5, 7, 19
What are the prime factors of 6358?
2, 11, 17
What are the prime factors of 173390?
2, 5, 7, 2477
What are the prime factors of 160?
2, 5
What are the prime factors of 16225?
5, 11, 59
What are the prime factors of 11023?
73, 151
What are the prime factors of 3994?
2, 1997
What are the prime factors of 787?
787
What are the prime factors of 2477?
2477
List the prime factors of 9782.
2, 67, 73
List the prime factors of 1982.
2, 991
What are the prime factors of 2661?
3, 887
What are the prime factors of 19663?
7, 53
What are the prime factors of 464?
2, 29
What are the prime factors of 1310?
2, 5, 131
What are the prime factors of 968?
2, 11
List the prime factors of 131037.
3, 31, 1409
List the prime factors of 1109.
1109
What are the prime factors of 6925?
5, 277
What are the prime factors of 5457?
3, 17, 107
What are the prime factors of 411?
3, 137
What are the prime factors of 43132?
2, 41, 263
List the prime factors of 11198.
2, 11, 509
List the prime factors of 71060.
2, 5, 11, 17, 19
What are the prime factors of 3176?
2, 397
What are the prime factors of 4657?
4657
List the prime factors of 3121.
3121
What are the prime factors of 5930?
2, 5, 593
What are the prime factors of 7568?
2, 11, 43
What are the prime factors of 7723?
7723
What are the prime factors of 5556?
2, 3, 463
What are the prime factors of 20300?
2, 5, 7, 29
What are the prime factors of 1576?
2, 197
List the prime factors of 2955.
3, 5, 197
What are the prime factors of 47763?
3, 29, 61
List the prime factors of 12171.
3, 4057
List the prime factors of 412.
2, 103
List the prime factors of 455.
5, 7, 13
What are the prime factors of 11759?
11, 1069
What are the prime factors of 4851?
3, 7, 11
List the prime factors of 7563.
3, 2521
List the prime factors of 346.
2, 173
List the prime factors of 122431.
191, 641
List the prime factors of 38394.
2, 3, 79
List the prime factors of 15584.
2, 487
List the prime factors of 7606.
2, 3803
What are the prime factors of 10155?
3, 5, 677
List the prime factors of 907.
907
What are the prime factors of 3682?
2, 7, 263
List the prime factors of 446.
2, 223
List the prime factors of 4256.
2, 7, 19
List the prime factors of 23804.
2, 11, 541
What are the prime factors of 536?
2, 67
List the prime factors of 24239.
24239
What are the prime factors of 3803?
3803
What are the prime factors of 10296?
2, 3, 11, 13
List the prime factors of 24827.
11, 37, 61
List the prime factors of 3339.
3, 7, 53
List the prime factors of 67579.
67579
List the prime factors of 7671.
3, 2557
What are the prime factors of 18998?
2, 7, 23, 59
List the prime factors of 462.
2, 3, 7, 11
What are the prime factors of 59130?
2, 3, 5, 73
What are the prime factors of 301?
7, 43
What are the prime factors of 921?
3, 307
List the prime factors of 53314.
2, 19, 23, 61
List the prime factors of 38952.
2, 3, 541
What are the prime factors of 17316?
2, 3, 13, 37
List the prime factors of 7894.
2, 3947
List the prime factors of 2195.
5, 439
List the prime factors of 13006.
2, 7, 929
List the prime factors of 8503.
11, 773
What are the prime factors of 4275?
3, 5, 19
List the prime factors of 3406.
2, 13, 131
What are the prime factors of 107355?
3, 5, 17, 421
List the prime factors of 535.
5, 107
List the prime factors of 5638.
2, 2819
What are the prime factors of 11769?
3, 3923
List the prime factors of 4540.
2, 5, 227
What are the prime factors of 1274?
2, 7, 13
List the prime factors of 32098.
2, 11, 1459
What are the prime factors of 13515?
3, 5, 17, 53
List the prime factors of 3151.
23, 137
What are the prime factors of 48749?
29, 41
List the prime factors of 63075.
3, 5, 29
List the prime factors of 250.
2, 5
List the prime factors of 885.
3, 5, 59
What are the prime factors of 867?
3, 17
What are the prime factors of 5787?
3, 643
What are the prime factors of 20578?
2, 10289
List the prime factors of 21488.
2, 17, 79
What are the prime factors of 1737?
3, 193
List the prime factors of 1973.
1973
What are the prime factors of 360?
2, 3, 5
List the prime factors of 789.
3, 263
List the prime factors of 16649.
16649
What are the prime factors of 93619?
17, 5507
What are the prime factors of 92690?
2, 5, 13, 23, 31
What are the prime factors of 17473?
101, 173
What are the prime factors of 5983?
31, 193
List the prime factors of 10392.
2, 3, 433
What are the prime factors of 42086?
2, 11, 1913
What are the prime factors of 3820?
2, 5, 191
List the prime factors of 12805.
5, 13, 197
What are the prime factors of 12441?
3, 11, 13, 29
List the prime factors of 1259.
1259
What are the prime factors of 317?
317
What are the prime factors of 2563?
11, 233
List the prime factors of 17646.
2, 3, 17, 173
What are the prime factors of 7149?
3, 2383
What are the prime factors of 2016?
2, 3, 7
List the prime factors of 5894.
2, 7, 421
What are the prime factors of 20714?
2, 10357
What are the prime factors of 67360?
2, 5, 421
List the prime factors of 26454.
2, 3, 4409
What are the prime factors of 69030?
2, 3, 5, 13, 59
What are the prime factors of 3745?
5, 7, 107
List the prime factors of 1608.
2, 3, 67
List the prime factors of 63815.
5, 12763
What are the prime factors of 680?
2, 5, 17
What are the prime factors of 5441?
5441
List the prime factors of 373.
373
What are the prime factors of 4695?
3, 5, 313
List the prime factors of 11514.
2, 3, 19, 101
List the prime factors of 277.
277
List the prime factors of 5107.
5107
What are the prime factors of 51042?
2, 3, 47, 181
List the prime factors of 19142.
2, 17, 563
List the prime factors of 24612.
2, 3, 7, 293
List the prime factors of 11110.
2, 5, 11, 101
What are the prime factors of 111223?
7, 15889
What are the prime factors of 7095?
3, 5, 11, 43
What are the prime factors of 17945?
5, 37, 97
List the prime factors of 1407.
3, 7, 67
What are the prime factors of 4562?
2, 2281
List the prime factors of 117391.
89, 1319
List the prime factors of 6903.
3, 13, 59
What are the prime factors of 1744?
2, 109
What are the prime factors of 36197?
7, 5171
List the prime factors of 4318.
2, 17, 127
List the prime factors of 14109.
3, 4703
What are the prime factors of 9489?
3, 3163
List the prime factors of 1593.
3, 59
List the prime factors of 33380.
2, 5, 1669
What are the prime factors of 12031?
53, 227
What are the prime factors of 1499?
1499
What are the prime factors of 11227?
103, 109
What are the prime factors of 1202?
2, 601
What are the prime factors of 17495?
5, 3499
What are the prime factors of 28673?
53, 541
What are the prime factors of 653?
653
List the prime factors of 3280.
2, 5, 41
What are the prime factors of 622?
2, 311
List the prime factors of 8474.
2, 19, 223
What are the prime factors of 1218?
2, 3, 7, 29
What are the prime factors of 109987?
109987
List the prime factors of 27936.
2, 3, 97
What are the prime factors of 1688?
2, 211
List the prime factors of 4880.
2, 5, 61
What are the prime factors of 5190?
2, 3, 5, 173
List the prime factors of 30611.
7, 4373
What are the prime factors of 80792?
2, 10099
List the prime factors of 1988.
2, 7, 71
List the prime factors of 1957.
19, 103
W